{"id":883,"date":"2017-03-23T08:45:44","date_gmt":"2017-03-23T07:45:44","guid":{"rendered":"http:\/\/www.lekaridnes.cz\/?page_id=883"},"modified":"2019-01-28T15:01:59","modified_gmt":"2019-01-28T14:01:59","slug":"gestacni-diabetes-mellitus-2016","status":"publish","type":"page","link":"https:\/\/www.lekaridnes.cz\/index.php\/vzdelavani\/vzdelavani-2016\/gestacni-diabetes-mellitus-2016\/","title":{"rendered":"Gesta\u010dn\u00ed diabetes mellitus 2016"},"content":{"rendered":"<p><strong>Dne 9. prosince prob\u011bhl Workshop \u2013 Gesta\u010dn\u00ed diabetes mellitus&nbsp;komplexn\u00ed p\u0159\u00edstup k \u017een\u011b s t\u011bhotenskou cukrovkou<\/strong><\/p>\n<p><strong>Po\u0159adatel:<br \/>\n<\/strong>Gynekologicko \u2013 porodnick\u00e1 klinika 1. LF UK a VFN v Praze<br \/>\nIII. Intern\u00ed klinika 1. LF UK a VFN v Praze<br \/>\n\u010cesk\u00e1 spole\u010dnost porodn\u00edch asistentek<\/p>\n<p><strong>Garanti:<\/strong><br \/>\nprof. MUDr. \u0160t\u011bp\u00e1n Sva\u010dina, DrSc., MBA<br \/>\ndoc. MUDr. Anton\u00edn Pa\u0159\u00edzek, CSc.<\/p>\n<p><strong>Program:&nbsp;<a class=\"mtli_attachment mtli_pdf\" href=\"http:\/\/www.porodniasistentky.info\/wp-content\/uploads\/2016\/08\/Gestacni_diabetes-6.pdf\">Gestacni_diabetes<\/a><\/strong><\/p>\n<p><strong>Prezentace:<\/strong><\/p>\n<p><a class=\"mtli_attachment mtli_pdf\" href=\"http:\/\/www.porodniasistentky.info\/wp-content\/uploads\/2016\/08\/%C3%BAvod_prof.-Pa%C5%99%C3%ADzek.pdf\">\u00davod prof. Pa\u0159\u00edzek<\/a><\/p>\n<p><a class=\"mtli_attachment mtli_pdf\" href=\"http:\/\/www.porodniasistentky.info\/wp-content\/uploads\/2016\/08\/2-GDM_anderlova.pdf\">Gesta\u010dn\u00ed diabetes mellitus &nbsp;MUDr. Anderlov\u00e1<\/a><\/p>\n<p><a class=\"mtli_attachment mtli_pdf\" href=\"http:\/\/www.porodniasistentky.info\/wp-content\/uploads\/2016\/08\/3-Komplikace-diabetologick%C3%A9-sledov%C3%A1n%C3%AD-a-l%C3%A9%C4%8Dba-GDM_MUDr.-Krej%C4%8D%C3%AD.pdf\">Komplikace, diabetologick\u00e9 sledov\u00e1n\u00ed a l\u00e9\u010dba GDM_MUDr. Krej\u010d\u00ed<\/a><\/p>\n<p><a class=\"mtli_attachment mtli_pdf\" href=\"http:\/\/www.porodniasistentky.info\/wp-content\/uploads\/2016\/08\/Dieta-v-t%C4%9Bhotenstv%C3%AD_-Bc.-R%C3%BDdlov%C3%A1.pdf\">Dieta v t\u011bhotenstv\u00ed Bc. R\u00fddlov\u00e1<\/a><\/p>\n<p><a class=\"mtli_attachment mtli_pdf\" href=\"http:\/\/www.porodniasistentky.info\/wp-content\/uploads\/2016\/08\/6-GDM-z-pohledu-gynekologa-workshop-9%EF%80%A212%EF%80%A22016.pdf\">GDM z pohledu gynekologa MUDr. \u0160imj\u00e1k<\/a><\/p>\n<p><a class=\"mtli_attachment mtli_pdf\" href=\"http:\/\/www.porodniasistentky.info\/wp-content\/uploads\/2016\/08\/D%C3%ADt%C4%9B-diabetick%C3%A9-matky_prof.%C5%A0techov%C3%A1.pdf\">D\u00edt\u011b diabetick\u00e9 matky prof. \u0160techov\u00e1<\/a><\/p>\n<p><a class=\"mtli_attachment mtli_pdf\" href=\"http:\/\/www.porodniasistentky.info\/wp-content\/uploads\/2016\/08\/Gesta%C4%8Dn%C3%AD-diabetes-mellitus-a-tyreopatie-MUDr.-V%C3%ADtkov%C3%A1.pdf\">Gesta\u010dn\u00ed diabetes mellitus a tyreopatie MUDr. V\u00edtkov\u00e1<\/a><\/p>\n<p>&nbsp;<\/p>\n<div id=\"gallery-1\" class=\"gallery galleryid-116 gallery-columns-3 gallery-size-medium\">\n<figure class=\"gallery-item\">\n<div class=\"gallery-icon landscape\"><a href=\"http:\/\/www.porodniasistentky.info\/wp-content\/uploads\/2016\/08\/20161209_124242.jpg\" data-rel=\"lightbox-gallery-1\"><img loading=\"lazy\" decoding=\"async\" class=\"attachment-medium size-medium\" src=\"http:\/\/www.porodniasistentky.info\/wp-content\/uploads\/2016\/08\/20161209_124242-300x225.jpg\" sizes=\"auto, (max-width: 300px) 100vw, 300px\" srcset=\"http:\/\/www.porodniasistentky.info\/wp-content\/uploads\/2016\/08\/20161209_124242-300x225.jpg 300w, http:\/\/www.porodniasistentky.info\/wp-content\/uploads\/2016\/08\/20161209_124242-768x576.jpg 768w, http:\/\/www.porodniasistentky.info\/wp-content\/uploads\/2016\/08\/20161209_124242-1024x768.jpg 1024w\" alt=\"\" width=\"300\" height=\"225\"><\/a><\/div>\n<\/figure>\n<figure class=\"gallery-item\">\n<div class=\"gallery-icon landscape\"><a href=\"http:\/\/www.porodniasistentky.info\/wp-content\/uploads\/2016\/08\/20161209_124245.jpg\" data-rel=\"lightbox-gallery-1\"><img loading=\"lazy\" decoding=\"async\" class=\"attachment-medium size-medium\" src=\"http:\/\/www.porodniasistentky.info\/wp-content\/uploads\/2016\/08\/20161209_124245-300x225.jpg\" sizes=\"auto, (max-width: 300px) 100vw, 300px\" srcset=\"http:\/\/www.porodniasistentky.info\/wp-content\/uploads\/2016\/08\/20161209_124245-300x225.jpg 300w, http:\/\/www.porodniasistentky.info\/wp-content\/uploads\/2016\/08\/20161209_124245-768x576.jpg 768w, http:\/\/www.porodniasistentky.info\/wp-content\/uploads\/2016\/08\/20161209_124245-1024x768.jpg 1024w\" alt=\"\" width=\"300\" height=\"225\"><\/a><\/div>\n<\/figure>\n<figure class=\"gallery-item\">\n<div class=\"gallery-icon landscape\"><a href=\"http:\/\/www.porodniasistentky.info\/wp-content\/uploads\/2016\/08\/20161209_124333.jpg\" data-rel=\"lightbox-gallery-1\"><img loading=\"lazy\" decoding=\"async\" class=\"attachment-medium size-medium\" src=\"http:\/\/www.porodniasistentky.info\/wp-content\/uploads\/2016\/08\/20161209_124333-300x225.jpg\" sizes=\"auto, (max-width: 300px) 100vw, 300px\" srcset=\"http:\/\/www.porodniasistentky.info\/wp-content\/uploads\/2016\/08\/20161209_124333-300x225.jpg 300w, http:\/\/www.porodniasistentky.info\/wp-content\/uploads\/2016\/08\/20161209_124333-768x576.jpg 768w, http:\/\/www.porodniasistentky.info\/wp-content\/uploads\/2016\/08\/20161209_124333-1024x768.jpg 1024w\" alt=\"\" width=\"300\" height=\"225\"><\/a><\/div>\n<\/figure>\n<figure class=\"gallery-item\">\n<div class=\"gallery-icon landscape\"><a href=\"http:\/\/www.porodniasistentky.info\/wp-content\/uploads\/2016\/08\/20161209_124300.jpg\" data-rel=\"lightbox-gallery-1\"><img loading=\"lazy\" decoding=\"async\" class=\"attachment-medium size-medium\" src=\"http:\/\/www.porodniasistentky.info\/wp-content\/uploads\/2016\/08\/20161209_124300-300x225.jpg\" sizes=\"auto, (max-width: 300px) 100vw, 300px\" srcset=\"http:\/\/www.porodniasistentky.info\/wp-content\/uploads\/2016\/08\/20161209_124300-300x225.jpg 300w, http:\/\/www.porodniasistentky.info\/wp-content\/uploads\/2016\/08\/20161209_124300-768x576.jpg 768w, http:\/\/www.porodniasistentky.info\/wp-content\/uploads\/2016\/08\/20161209_124300-1024x768.jpg 1024w\" alt=\"\" width=\"300\" height=\"225\"><\/a><\/div>\n<\/figure>\n<figure class=\"gallery-item\">\n<div class=\"gallery-icon landscape\"><a href=\"http:\/\/www.porodniasistentky.info\/wp-content\/uploads\/2016\/08\/20161209_124254.jpg\" data-rel=\"lightbox-gallery-1\"><img loading=\"lazy\" decoding=\"async\" class=\"attachment-medium size-medium\" src=\"http:\/\/www.porodniasistentky.info\/wp-content\/uploads\/2016\/08\/20161209_124254-300x225.jpg\" sizes=\"auto, (max-width: 300px) 100vw, 300px\" srcset=\"http:\/\/www.porodniasistentky.info\/wp-content\/uploads\/2016\/08\/20161209_124254-300x225.jpg 300w, http:\/\/www.porodniasistentky.info\/wp-content\/uploads\/2016\/08\/20161209_124254-768x576.jpg 768w, http:\/\/www.porodniasistentky.info\/wp-content\/uploads\/2016\/08\/20161209_124254-1024x768.jpg 1024w\" alt=\"\" width=\"300\" height=\"225\"><\/a><\/div>\n<\/figure>\n<figure class=\"gallery-item\">\n<div class=\"gallery-icon landscape\"><a href=\"http:\/\/www.porodniasistentky.info\/wp-content\/uploads\/2016\/08\/20161209_112044.jpg\" data-rel=\"lightbox-gallery-1\"><img loading=\"lazy\" decoding=\"async\" class=\"attachment-medium size-medium\" src=\"http:\/\/www.porodniasistentky.info\/wp-content\/uploads\/2016\/08\/20161209_112044-300x225.jpg\" sizes=\"auto, (max-width: 300px) 100vw, 300px\" srcset=\"http:\/\/www.porodniasistentky.info\/wp-content\/uploads\/2016\/08\/20161209_112044-300x225.jpg 300w, http:\/\/www.porodniasistentky.info\/wp-content\/uploads\/2016\/08\/20161209_112044-768x576.jpg 768w, http:\/\/www.porodniasistentky.info\/wp-content\/uploads\/2016\/08\/20161209_112044-1024x768.jpg 1024w\" alt=\"\" width=\"300\" height=\"225\"><\/a><\/div>\n<\/figure>\n<figure class=\"gallery-item\">\n<div class=\"gallery-icon landscape\"><a href=\"http:\/\/www.porodniasistentky.info\/wp-content\/uploads\/2016\/08\/20161209_131524.jpg\" data-rel=\"lightbox-gallery-1\"><img loading=\"lazy\" decoding=\"async\" class=\"attachment-medium size-medium\" src=\"http:\/\/www.porodniasistentky.info\/wp-content\/uploads\/2016\/08\/20161209_131524-300x225.jpg\" sizes=\"auto, (max-width: 300px) 100vw, 300px\" srcset=\"http:\/\/www.porodniasistentky.info\/wp-content\/uploads\/2016\/08\/20161209_131524-300x225.jpg 300w, http:\/\/www.porodniasistentky.info\/wp-content\/uploads\/2016\/08\/20161209_131524-768x576.jpg 768w, http:\/\/www.porodniasistentky.info\/wp-content\/uploads\/2016\/08\/20161209_131524-1024x768.jpg 1024w\" alt=\"\" width=\"300\" height=\"225\"><\/a><\/div>\n<\/figure>\n<figure class=\"gallery-item\">\n<div class=\"gallery-icon landscape\"><a href=\"http:\/\/www.porodniasistentky.info\/wp-content\/uploads\/2016\/08\/20161209_112008.jpg\" data-rel=\"lightbox-gallery-1\"><img loading=\"lazy\" decoding=\"async\" class=\"attachment-medium size-medium\" src=\"http:\/\/www.porodniasistentky.info\/wp-content\/uploads\/2016\/08\/20161209_112008-300x225.jpg\" sizes=\"auto, (max-width: 300px) 100vw, 300px\" srcset=\"http:\/\/www.porodniasistentky.info\/wp-content\/uploads\/2016\/08\/20161209_112008-300x225.jpg 300w, http:\/\/www.porodniasistentky.info\/wp-content\/uploads\/2016\/08\/20161209_112008-768x576.jpg 768w, http:\/\/www.porodniasistentky.info\/wp-content\/uploads\/2016\/08\/20161209_112008-1024x768.jpg 1024w\" alt=\"\" width=\"300\" height=\"225\"><\/a><\/div>\n<\/figure>\n<figure class=\"gallery-item\">\n<div class=\"gallery-icon portrait\"><a href=\"http:\/\/www.porodniasistentky.info\/wp-content\/uploads\/2016\/08\/20161209_141446-e1482827723846.jpg\" data-rel=\"lightbox-gallery-1\"><img loading=\"lazy\" decoding=\"async\" class=\"attachment-medium size-medium\" src=\"http:\/\/www.porodniasistentky.info\/wp-content\/uploads\/2016\/08\/20161209_141446-e1482827723846-225x300.jpg\" sizes=\"auto, (max-width: 225px) 100vw, 225px\" srcset=\"http:\/\/www.porodniasistentky.info\/wp-content\/uploads\/2016\/08\/20161209_141446-e1482827723846-225x300.jpg 225w, http:\/\/www.porodniasistentky.info\/wp-content\/uploads\/2016\/08\/20161209_141446-e1482827723846-768x1024.jpg 768w\" alt=\"\" width=\"225\" height=\"300\"><\/a><\/div>\n<\/figure>\n<\/div>\n<p>&nbsp;<\/p>\n","protected":false},"excerpt":{"rendered":"<p>Dne 9. prosince prob\u011bhl Workshop \u2013 Gesta\u010dn\u00ed diabetes mellitus&nbsp;komplexn\u00ed p\u0159\u00edstup k \u017een\u011b s t\u011bhotenskou cukrovkou Po\u0159adatel: Gynekologicko \u2013 porodnick\u00e1 klinika 1. LF UK a VFN v Praze III. Intern\u00ed klinika 1. LF UK a VFN v Praze \u010cesk\u00e1 spole\u010dnost porodn\u00edch<\/p>\n","protected":false},"author":2,"featured_media":0,"parent":2071,"menu_order":-1,"comment_status":"closed","ping_status":"closed","template":"","meta":{"footnotes":""},"class_list":["post-883","page","type-page","status-publish","hentry","","tg-column-two"],"_links":{"self":[{"href":"https:\/\/www.lekaridnes.cz\/index.php\/wp-json\/wp\/v2\/pages\/883","targetHints":{"allow":["GET"]}}],"collection":[{"href":"https:\/\/www.lekaridnes.cz\/index.php\/wp-json\/wp\/v2\/pages"}],"about":[{"href":"https:\/\/www.lekaridnes.cz\/index.php\/wp-json\/wp\/v2\/types\/page"}],"author":[{"embeddable":true,"href":"https:\/\/www.lekaridnes.cz\/index.php\/wp-json\/wp\/v2\/users\/2"}],"replies":[{"embeddable":true,"href":"https:\/\/www.lekaridnes.cz\/index.php\/wp-json\/wp\/v2\/comments?post=883"}],"version-history":[{"count":6,"href":"https:\/\/www.lekaridnes.cz\/index.php\/wp-json\/wp\/v2\/pages\/883\/revisions"}],"predecessor-version":[{"id":2074,"href":"https:\/\/www.lekaridnes.cz\/index.php\/wp-json\/wp\/v2\/pages\/883\/revisions\/2074"}],"up":[{"embeddable":true,"href":"https:\/\/www.lekaridnes.cz\/index.php\/wp-json\/wp\/v2\/pages\/2071"}],"wp:attachment":[{"href":"https:\/\/www.lekaridnes.cz\/index.php\/wp-json\/wp\/v2\/media?parent=883"}],"curies":[{"name":"wp","href":"https:\/\/api.w.org\/{rel}","templated":true}]}}