{"id":723,"date":"2017-01-11T12:44:53","date_gmt":"2017-01-11T11:44:53","guid":{"rendered":"http:\/\/lekari.3sixty.eu\/?page_id=723"},"modified":"2019-01-28T15:06:18","modified_gmt":"2019-01-28T14:06:18","slug":"prezentace-ze-kongresu","status":"publish","type":"page","link":"https:\/\/www.lekaridnes.cz\/index.php\/vzdelavani\/vzdelavani-2015\/prezentace-ze-kongresu\/","title":{"rendered":"AORA 2015"},"content":{"rendered":"<p><strong>Dne 12. 12. 2015 &nbsp;prob\u011bhl kongres pod n\u00e1zvem AORA v nov\u00e9 budov\u011b N\u00e1rodn\u00edho muzea v Praze.<\/strong><\/p>\n<p><strong>Po\u0159adatel:<br \/>\n<\/strong>Gynekologicko \u2013 porodnick\u00e1 klinika 1. LF UK a VFN v Praze<br \/>\nSekce analgezie a anestezie v porodnictv\u00ed pri \u010cGPS \u010cLS JEP<br \/>\n\u010cesk\u00e1 spole\u010dnost porodn\u00edch asistentek<br \/>\nAesculap academie<\/p>\n<p><strong>Garant:<\/strong><br \/>\nprof. MUDr. Anton\u00edn Pa\u0159\u00edzek, CSc.<br \/>\n<em>p\u0159edseda&nbsp;Sekce analgezie a anestezie v porodnictv\u00ed pri \u010cGPS \u010cLS JE<\/em>P<\/p>\n<p><strong>Z\u00e1\u0161tita:<br \/>\n<\/strong>prof. MUDr. Tom\u00e1\u0161 Zima, DrSc., MBA<br \/>\n<em>rektor Univerzity Karlovy v Praze<\/em><\/p>\n<p><strong>Program:<\/strong><\/p>\n<p><strong>Prezentace:<\/strong><\/p>\n<p><strong><a href=\"http:\/\/www.lekaridnes.cz\/wp-content\/uploads\/2016\/08\/01-Hypertenze-v-t\u011bhotnestv\u00ed.pdf\">Hypertenze v t\u011bhotenstv\u00ed<\/a>&nbsp;<\/strong><br \/>\n<em>Michal Kouck\u00fd<\/em><\/p>\n<p><strong><a href=\"http:\/\/www.lekaridnes.cz\/wp-content\/uploads\/2016\/08\/02-Obt\u00ed\u017en\u00e1-intubace-t\u011bhotn\u00e9.pdf\">Obt\u00ed\u017en\u00e1 intubace t\u011bhotn\u00e9 a rodi\u010dky&nbsp;<\/a><\/strong><em>&nbsp;<br \/>\nPavel Herda<\/em><\/p>\n<p><strong><a href=\"http:\/\/www.lekaridnes.cz\/wp-content\/uploads\/2016\/08\/03-J\u00eddlo-a-pit\u00ed-b\u011bhem-porodu.pdf\">J\u00eddlo a pit\u00ed b\u011bhem porodu<\/a>&nbsp;<br \/>\n<\/strong>Pe<em>tr K\u0159\u00ed\u017e<\/em><\/p>\n<p><strong><a href=\"http:\/\/www.lekaridnes.cz\/wp-content\/uploads\/2016\/08\/04-Volba-lok\u00e1ln\u00ed-anestetik-a-adjuvans.pdf\">Volba lok\u00e1ln\u00ed anestetik a adjuvans<\/a>&nbsp;<br \/>\n<\/strong><em>Petr \u0160toura\u010d<\/em><\/p>\n<p><strong><a href=\"http:\/\/www.lekaridnes.cz\/wp-content\/uploads\/2016\/08\/05-Antikoagulancia-a-neuroaxi\u00e1ln\u00ed-blok\u00e1da.pdf\">Antikoagulancia a neuroaxi\u00e1ln\u00ed blok\u00e1da<\/a>&nbsp;<br \/>\n<\/strong><em>Jan Bl\u00e1ha<\/em><\/p>\n<p><strong><a href=\"http:\/\/www.lekaridnes.cz\/wp-content\/uploads\/2016\/08\/06-Epiduralni-analgezie-u-porodu.pdf\">Epiduralni analgezie u porodu<\/a>&nbsp;<\/strong><em>&nbsp;<br \/>\nAnton\u00edn Pa\u0159\u00edzek<\/em><\/p>\n<p><strong><a href=\"http:\/\/www.lekaridnes.cz\/wp-content\/uploads\/2016\/08\/07-Vy\u0161et\u0159en\u00ed-p\u0159ed-neuroaxi\u00e1ln\u00ed-blok\u00e1dou.pdf\">Vy\u0161et\u0159en\u00ed p\u0159ed neuroaxi\u00e1ln\u00ed blok\u00e1dou&nbsp;<\/a><\/strong>&nbsp;<em>&nbsp;<br \/>\nPetr K\u0159\u00ed\u017e<\/em><\/p>\n<p><strong><a href=\"http:\/\/www.lekaridnes.cz\/wp-content\/uploads\/2016\/08\/08-Alternativy-epidur\u00e1ln\u00ed-analgezie.pdf\">Alternativy epidur\u00e1ln\u00ed analgezie&nbsp;<\/a>&nbsp;<\/strong>&nbsp;<br \/>\n<em>Pavl\u00edna Noskov\u00e1<\/em><\/p>\n<p><strong><a href=\"http:\/\/www.lekaridnes.cz\/wp-content\/uploads\/2016\/08\/09-Volba-anestezie-k-cisa\u0159sk\u00e9mu-\u0159ezu.pdf\">Volba anestezie k cisa\u0159sk\u00e9mu \u0159ezu<\/a>&nbsp;<br \/>\n<\/strong><em>Jan Bl\u00e1ha<\/em><\/p>\n<p><strong><a href=\"http:\/\/www.lekaridnes.cz\/wp-content\/uploads\/2016\/08\/10-Druhy-neuroaxi\u00e1ln\u00ed-anestezie.pdf\">Druhy neuroaxi\u00e1ln\u00ed anestezie&nbsp;<\/a><\/strong>&nbsp;<br \/>\n<em>Jaroslav Krch&nbsp;<\/em><\/p>\n<p><strong><a href=\"http:\/\/www.lekaridnes.cz\/wp-content\/uploads\/2016\/08\/11-Region\u00e1ln\u00ed-anestezie-u-z\u00e1va\u017en\u00fdch-onemocn\u011bn\u00edch.pdf\">Region\u00e1ln\u00ed anestezie u z\u00e1va\u017en\u00fdch onemocn\u011bn\u00edch<\/a>&nbsp;<\/strong><em>&nbsp;<br \/>\nJan Bl\u00e1ha<\/em><\/p>\n<p><strong><a href=\"http:\/\/www.lekaridnes.cz\/wp-content\/uploads\/2016\/08\/12-Neuroaxi\u00e1ln\u00ed-blok\u00e1dy-\u010dasn\u00e9-komplikace.pdf\">Neuroaxi\u00e1ln\u00ed blok\u00e1dy &#8211; \u010dasn\u00e9 komplikace<\/a>&nbsp;<br \/>\n<\/strong><em>Dagmar Seidlov\u00e1<\/em><\/p>\n<p><strong><a href=\"http:\/\/www.lekaridnes.cz\/wp-content\/uploads\/2016\/08\/13-Neuroaxi\u00e1ln\u00ed-blok\u00e1dy-pozdn\u00ed-komplikace.pdf\">Neuroaxi\u00e1ln\u00ed blok\u00e1dy &#8211; pozdn\u00ed komplikace&nbsp;<\/a>&nbsp;<br \/>\n<\/strong><em>Sylva Dolensk\u00e1<\/em><\/p>\n<p><strong><a href=\"http:\/\/www.lekaridnes.cz\/wp-content\/uploads\/2016\/08\/14-Postpunk\u010dn\u00ed-cefalea.pdf\">Postpunk\u010dn\u00ed cefalea<\/a>&nbsp;<br \/>\n<\/strong><em>Du\u0161an Mach<\/em><\/p>\n<p><strong><a href=\"http:\/\/www.lekaridnes.cz\/wp-content\/uploads\/2016\/08\/15-Resuscitace-t\u011bhotn\u00fdch.pdf\">Resuscitace t\u011bhotn\u00fdch&nbsp;<\/a><\/strong><em>&nbsp;<br \/>\nJarmila Dr\u00e1bkov\u00e1<\/em><\/p>\n<p>Fotogalerie:<\/p>\n","protected":false},"excerpt":{"rendered":"<p>Dne 12. 12. 2015 &nbsp;prob\u011bhl kongres pod n\u00e1zvem AORA v nov\u00e9 budov\u011b N\u00e1rodn\u00edho muzea v Praze. Po\u0159adatel: Gynekologicko \u2013 porodnick\u00e1 klinika 1. LF UK a VFN v Praze Sekce analgezie a anestezie v porodnictv\u00ed pri \u010cGPS \u010cLS JEP \u010cesk\u00e1 spole\u010dnost<\/p>\n","protected":false},"author":2,"featured_media":0,"parent":2080,"menu_order":0,"comment_status":"closed","ping_status":"closed","template":"","meta":{"footnotes":""},"class_list":["post-723","page","type-page","status-publish","hentry","","tg-column-two"],"_links":{"self":[{"href":"https:\/\/www.lekaridnes.cz\/index.php\/wp-json\/wp\/v2\/pages\/723","targetHints":{"allow":["GET"]}}],"collection":[{"href":"https:\/\/www.lekaridnes.cz\/index.php\/wp-json\/wp\/v2\/pages"}],"about":[{"href":"https:\/\/www.lekaridnes.cz\/index.php\/wp-json\/wp\/v2\/types\/page"}],"author":[{"embeddable":true,"href":"https:\/\/www.lekaridnes.cz\/index.php\/wp-json\/wp\/v2\/users\/2"}],"replies":[{"embeddable":true,"href":"https:\/\/www.lekaridnes.cz\/index.php\/wp-json\/wp\/v2\/comments?post=723"}],"version-history":[{"count":8,"href":"https:\/\/www.lekaridnes.cz\/index.php\/wp-json\/wp\/v2\/pages\/723\/revisions"}],"predecessor-version":[{"id":857,"href":"https:\/\/www.lekaridnes.cz\/index.php\/wp-json\/wp\/v2\/pages\/723\/revisions\/857"}],"up":[{"embeddable":true,"href":"https:\/\/www.lekaridnes.cz\/index.php\/wp-json\/wp\/v2\/pages\/2080"}],"wp:attachment":[{"href":"https:\/\/www.lekaridnes.cz\/index.php\/wp-json\/wp\/v2\/media?parent=723"}],"curies":[{"name":"wp","href":"https:\/\/api.w.org\/{rel}","templated":true}]}}