{"id":3280,"date":"2022-08-15T15:13:03","date_gmt":"2022-08-15T14:13:03","guid":{"rendered":"https:\/\/www.lekaridnes.cz\/?page_id=3280"},"modified":"2022-12-13T16:37:47","modified_gmt":"2022-12-13T15:37:47","slug":"kriticke-stavy-v-porodnictvi-2022","status":"publish","type":"page","link":"https:\/\/www.lekaridnes.cz\/index.php\/vzdelavani\/vzdelavani-2022\/kriticke-stavy-v-porodnictvi-2022\/","title":{"rendered":"Kritick\u00e9 stavy v porodnictv\u00ed 2022"},"content":{"rendered":"\n<p>Dovoluji si V\u00e1s pozvat na ji\u017e tradi\u010dn\u00ed porodnick\u00fd kongres, kter\u00fd se letos po dvou letech m\u016f\u017ee konat prezen\u010dn\u00ed formou.<\/p>\n<p><strong>Kdy: 10. prosince 2022 <\/strong><\/p>\n<p><strong>Kde:<\/strong> Nov\u00e1 budova N\u00e1rodn\u00edho muzea v Praze, Vinohradsk\u00e1 1, Praha 1<\/p>\n<p><strong>Po\u0159adatel:<br><\/strong>MCC Health Academy<br>Gynekologicko \u2013 porodnick\u00e1 klinika 1. LF UK a VFN v Praze<br>Sekce analgezie a anestezie v porodnictv\u00ed p\u0159i \u010cGPS \u010cLS JEP<br>\u010cesk\u00e1 spole\u010dnost porodn\u00edch asistentek z. s.<\/p>\n<p><strong>Z\u00e1\u0161tita:<br><\/strong>prof. MUDr. Milena Kr\u00e1l\u00ed\u010dkov\u00e1, Ph.D., <em>rektor Univerzity Karlovy v Praze<br><\/em>prof. MUDr. Martin Vokurka, Ph.D., <em>d\u011bkan 1. LF UK v Praze<\/em><\/p>\n<p><strong>Garant:<\/strong><br>prof. MUDr. Anton\u00edn Pa\u0159\u00edzek, CSc.<br>doc. MUDr. Jan Bl\u00e1ha, Ph.D.<\/p>\n<p><strong>Program:&nbsp; <a href=\"http:\/\/www.lekaridnes.cz\/wp-content\/uploads\/2022\/12\/Kriticke-stavy-2022-program_.pdf\">Kritick\u00e9 stavy v porodnictv\u00ed 2022<\/a><\/strong><\/p>\n<p>Registrace \u00fa\u010dastn\u00edk\u016f od 7:30 hod.<\/p>\n<p>Zah\u00e1jen\u00ed kongresu v 8:30 hod.<\/p>\n<p>Ob\u011bd ve 12:40 hod.<\/p>\n<p>P\u0159edpokl\u00e1dan\u00fd z\u00e1v\u011br v 18:00 hod.<\/p>\n<p>&nbsp;<\/p>\n<h2><span style=\"color: #ff0000;\"><strong>Registrace uzav\u0159ena<\/strong><\/span><\/h2>\n<p>&nbsp;<\/p>\n<p>&nbsp;<\/p>\n<div dir=\"ltr\"><strong><span style=\"color: #999999;\">Organiza\u010dn\u00ed t\u00fdm:<\/span><\/strong><\/div>\n<div><span style=\"color: #999999;\">Petra Pa\u0159\u00edzkov\u00e1<\/span><\/div>\n<div><span style=\"color: #999999;\">+420 721 236 292<\/span><\/div>\n<div><span style=\"color: #999999;\">Eva \u010cejkov\u00e1<\/span><\/div>\n<div><span style=\"color: #999999;\">+420 603 885 298<\/span><\/div>\n<div dir=\"ltr\"><span style=\"color: #999999;\">MCC Health Academy<\/span><\/div>\n<p>&nbsp;<\/p>\n\n\n","protected":false},"excerpt":{"rendered":"","protected":false},"author":4,"featured_media":0,"parent":3670,"menu_order":0,"comment_status":"closed","ping_status":"closed","template":"","meta":{"footnotes":""},"class_list":["post-3280","page","type-page","status-publish","hentry","","tg-column-two"],"_links":{"self":[{"href":"https:\/\/www.lekaridnes.cz\/index.php\/wp-json\/wp\/v2\/pages\/3280","targetHints":{"allow":["GET"]}}],"collection":[{"href":"https:\/\/www.lekaridnes.cz\/index.php\/wp-json\/wp\/v2\/pages"}],"about":[{"href":"https:\/\/www.lekaridnes.cz\/index.php\/wp-json\/wp\/v2\/types\/page"}],"author":[{"embeddable":true,"href":"https:\/\/www.lekaridnes.cz\/index.php\/wp-json\/wp\/v2\/users\/4"}],"replies":[{"embeddable":true,"href":"https:\/\/www.lekaridnes.cz\/index.php\/wp-json\/wp\/v2\/comments?post=3280"}],"version-history":[{"count":22,"href":"https:\/\/www.lekaridnes.cz\/index.php\/wp-json\/wp\/v2\/pages\/3280\/revisions"}],"predecessor-version":[{"id":4498,"href":"https:\/\/www.lekaridnes.cz\/index.php\/wp-json\/wp\/v2\/pages\/3280\/revisions\/4498"}],"up":[{"embeddable":true,"href":"https:\/\/www.lekaridnes.cz\/index.php\/wp-json\/wp\/v2\/pages\/3670"}],"wp:attachment":[{"href":"https:\/\/www.lekaridnes.cz\/index.php\/wp-json\/wp\/v2\/media?parent=3280"}],"curies":[{"name":"wp","href":"https:\/\/api.w.org\/{rel}","templated":true}]}}