{"id":2048,"date":"2019-01-28T14:41:07","date_gmt":"2019-01-28T13:41:07","guid":{"rendered":"http:\/\/www.lekaridnes.cz\/?page_id=2048"},"modified":"2019-09-02T12:23:40","modified_gmt":"2019-09-02T11:23:40","slug":"porodnicka-analgezie-a-anestezie-2019","status":"publish","type":"page","link":"https:\/\/www.lekaridnes.cz\/index.php\/vzdelavani\/vzdelavani-2019\/porodnicka-analgezie-a-anestezie-2019\/","title":{"rendered":"Porodnick\u00e1 analgezie a anestezie 2019"},"content":{"rendered":"<header class=\"entry-header\"><\/header>\n<div class=\"entry-content clearfix\">\n<div class=\"entry-content clearfix\">\n<header class=\"entry-header\">\n<p class=\"entry-title\"><strong>66. intenzivn\u00ed postgradu\u00e1ln\u00ed Kurz porodnick\u00e9 analgezie a anestezie<\/strong><br \/>\nTento kurz&nbsp; je organizov\u00e1n bez p\u0159est\u00e1vky 26 let,&nbsp;za v\u00edce jak \u010dtvrtstolet\u00ed &nbsp;zde nalezlo vzd\u011bl\u00e1n\u00ed v\u00edce ne\u017e 2.700 l\u00e9ka\u0159\u016f (porodn\u00edci, anesteziologov\u00e9, pediat\u0159i)&nbsp;a porodn\u00ed asistentky&nbsp;z cel\u00e9 \u010cesk\u00e9 republiky a Slovenska.&nbsp;&nbsp;<strong style=\"font-size: 16px;\"><br \/>\n<\/strong><\/p>\n<p><strong>Praha, 30. b\u0159ezna 2019<\/strong><\/p>\n<p><strong>M\u00edsto kon\u00e1n\u00ed:<\/strong><br \/>\nPosluch\u00e1rna Gynekologicko-porodnick\u00e9 kliniky<br \/>\n1. LF UK a VFN v Praze.<br \/>\nApolin\u00e1\u0159sk\u00e1 18, Praha 2<\/p>\n<p><strong>Z\u00e1\u0161tita:<br \/>\n<\/strong>Gynekologicko \u2013 porodnick\u00e1 klinika 1. LF UK a VFN v Praze<\/p>\n<p><strong>Organiz\u00e1tor:<\/strong><br \/>\nGynekologicko\u2013porodnick\u00e1 klinika 1. LF UK a VFN v Praze<br \/>\nSekce analgezie a intenzivn\u00ed medic\u00edny v porodnictv\u00ed&nbsp;p\u0159i \u010cGPS \u010cLS JEP<br \/>\nSekce porodnick\u00e9 anestezie a analgezie p\u0159i \u010cSARIM \u010cLS JEP<br \/>\n\u010cesk\u00e1 spole\u010dnost porodn\u00edch asistentek (\u010cSPA)<\/p>\n<p><strong>Odborn\u00fd garant:<\/strong><br \/>\nprof. MUDr. Anton\u00edn Pa\u0159\u00edzek, CSc.<br \/>\np\u0159edseda Sekce analgezie a intenzivn\u00ed medic\u00edny v porodnictv\u00ed&nbsp;p\u0159i \u010cGPS \u010cLS JEP<\/p>\n<\/header>\n<div class=\"entry-content clearfix\">\n<p><strong>Program:<br \/>\n<\/strong><a href=\"http:\/\/www.lekaridnes.cz\/wp-content\/uploads\/2019\/01\/Kurz-porodnick\u00e9-analgezie_finale.pdf\">Kurz porodnick\u00e9 analgezie<\/a><strong><br \/>\n<\/strong><\/p>\n<\/div>\n<p>&nbsp;<\/p>\n<\/div>\n<p>&nbsp;<\/p>\n<\/div>\n","protected":false},"excerpt":{"rendered":"<p>66. intenzivn\u00ed postgradu\u00e1ln\u00ed Kurz porodnick\u00e9 analgezie a anestezie Tento kurz&nbsp; je organizov\u00e1n bez p\u0159est\u00e1vky 26 let,&nbsp;za v\u00edce jak \u010dtvrtstolet\u00ed &nbsp;zde nalezlo vzd\u011bl\u00e1n\u00ed v\u00edce ne\u017e 2.700 l\u00e9ka\u0159\u016f (porodn\u00edci, anesteziologov\u00e9, pediat\u0159i)&nbsp;a porodn\u00ed asistentky&nbsp;z cel\u00e9 \u010cesk\u00e9 republiky a Slovenska.&nbsp;&nbsp; Praha, 30. b\u0159ezna 2019<\/p>\n","protected":false},"author":2,"featured_media":0,"parent":2045,"menu_order":1,"comment_status":"closed","ping_status":"closed","template":"","meta":{"footnotes":""},"class_list":["post-2048","page","type-page","status-publish","hentry","","tg-column-two"],"_links":{"self":[{"href":"https:\/\/www.lekaridnes.cz\/index.php\/wp-json\/wp\/v2\/pages\/2048","targetHints":{"allow":["GET"]}}],"collection":[{"href":"https:\/\/www.lekaridnes.cz\/index.php\/wp-json\/wp\/v2\/pages"}],"about":[{"href":"https:\/\/www.lekaridnes.cz\/index.php\/wp-json\/wp\/v2\/types\/page"}],"author":[{"embeddable":true,"href":"https:\/\/www.lekaridnes.cz\/index.php\/wp-json\/wp\/v2\/users\/2"}],"replies":[{"embeddable":true,"href":"https:\/\/www.lekaridnes.cz\/index.php\/wp-json\/wp\/v2\/comments?post=2048"}],"version-history":[{"count":8,"href":"https:\/\/www.lekaridnes.cz\/index.php\/wp-json\/wp\/v2\/pages\/2048\/revisions"}],"predecessor-version":[{"id":2277,"href":"https:\/\/www.lekaridnes.cz\/index.php\/wp-json\/wp\/v2\/pages\/2048\/revisions\/2277"}],"up":[{"embeddable":true,"href":"https:\/\/www.lekaridnes.cz\/index.php\/wp-json\/wp\/v2\/pages\/2045"}],"wp:attachment":[{"href":"https:\/\/www.lekaridnes.cz\/index.php\/wp-json\/wp\/v2\/media?parent=2048"}],"curies":[{"name":"wp","href":"https:\/\/api.w.org\/{rel}","templated":true}]}}

Porodnická analgezie a anestezie 2019

<header class="entry-header"></header>
<div class="entry-content clearfix">
<div class="entry-content clearfix">
<header class="entry-header">
<p class="entry-title"><strong>66. intenzivní postgraduální Kurz porodnické analgezie a anestezie</strong><br />
Tento kurz&nbsp; je organizován bez přestávky 26 let,&nbsp;za více jak čtvrtstoletí &nbsp;zde nalezlo vzdělání více než 2.700 lékařů (porodníci, anesteziologové, pediatři)&nbsp;a porodní asistentky&nbsp;z celé České republiky a Slovenska.&nbsp;&nbsp;<strong style="font-size: 16px;"><br />
</strong></p>
<p><strong>Praha, 30. března 2019</strong></p>
<p><strong>Místo konání:</strong><br />
Posluchárna Gynekologicko-porodnické kliniky<br />
1. LF UK a VFN v Praze.<br />
Apolinářská 18, Praha 2</p>
<p><strong>Záštita:<br />
</strong>Gynekologicko – porodnická klinika 1. LF UK a VFN v Praze</p>
<p><strong>Organizátor:</strong><br />
Gynekologicko–porodnická klinika 1. LF UK a VFN v Praze<br />
Sekce analgezie a intenzivní medicíny v porodnictví&nbsp;při ČGPS ČLS JEP<br />
Sekce porodnické anestezie a analgezie při ČSARIM ČLS JEP<br />
Česká společnost porodních asistentek (ČSPA)</p>
<p><strong>Odborný garant:</strong><br />
prof. MUDr. Antonín Pařízek, CSc.<br />
předseda Sekce analgezie a intenzivní medicíny v porodnictví&nbsp;při ČGPS ČLS JEP</p>
</header>
<div class="entry-content clearfix">
<p><strong>Program:<br />
</strong><a href="http://www.lekaridnes.cz/wp-content/uploads/2019/01/Kurz-porodnické-analgezie_finale.pdf">Kurz porodnické analgezie</a><strong><br />
</strong></p>
</div>
<p>&nbsp;</p>
</div>
<p>&nbsp;</p>
</div>

<p>66. intenzivní postgraduální Kurz porodnické analgezie a anestezie Tento kurz&nbsp; je organizován bez přestávky 26 let,&nbsp;za více jak čtvrtstoletí &nbsp;zde nalezlo vzdělání více než 2.700 lékařů (porodníci, anesteziologové, pediatři)&nbsp;a porodní asistentky&nbsp;z celé České republiky a Slovenska.&nbsp;&nbsp; Praha, 30. března 2019</p>
